+ -24?
-103
What is (-35 - -66) + -25 - (64 + -2)?
-56
(-18 - (-9 - -17)) + 14 + 110
98
What is -116 + -90 + 82 + 51?
-73
-20 + -5 - (33 + 40 + 19)
-117
What is (-8 - (2 + 10 + -10)) + 10?
0
What is -12 + (-1 - -4) + (-917 - -914)?
-12
What is -50 + 70 + -20 - (3 - 1 - -11)?
-13
Calculate -148 + 142 - (-1 - 21) - (2 + 111 - -12).
-109
Evaluate -1 + (0 - 23) - (175 - (-21 + 139)).
-81
Evaluate (9 - 19 - -8) + (17 - 8) + -8 - 40.
-41
Calculate -67 + -5 + (-28 - (-9 - 24)).
-67
-10 - (-34 + -15 - -24 - -33)
-18
Calculate 56 + -44 + -59 + 32.
-15
Calculate -3 + 37 + (27 - -56) + -17 + -2.
98
Calculate -20 + 35 + (52 - 15).
52
What is -147 + 55 + 20 - (3 + 0 - -4 - 2)?
-77
What is the value of 3 + -2 + (10 - (18 - 63) - 0)?
56
Evaluate (13 - ((-18 - 12) + 20)) + -9.
14
Calculate -1 - 9 - (-87 + (5 - -1) + -7).
78
Calculate (5 + (-18 - -6) - (-1 + 0)) + 42 + -19.
17
Calculate 2 - 2 - (-52 - -2 - (22 - -15 - 39)).
48
What is -391 + 328 + 110 + 5?
52
17 + 0 - ((10 - -5) + -20 + -9 + 8)
23
What is the value of -21 + 31 + 14 - 158 - -38?
-96
Evaluate (-21 - (6 - 35)) + (-7 - -59) + (-2 - 2).
56
Evaluate (-22 + 8 - -27) + -52 - 16.
-55
What is -44 + 30 - -64 - (-3 + (-8 + 3 - -3))?
55
Calculate 14 + (11 - -40) - (11 + -8 + (-2 - -2)).
62
Evaluate -830 - -887 - (29 - -3).
25
What is the value of 22 + (-20 - 61 - -48)?
-11
-68 - (65 + -68 + 4 + 0 + 2)
-71
Calculate (-7 - 20) + (428 - 416).
-15
What is the value of -1 + 7 + -6 + -17 + 0 + (2 - 8)?
-23
Evaluate 15 - (-28 - 34 - (10 - 34)).
53
Calculate 10 - (-35 + -4 - (4 - 16)).
37
Calculate -1 + 18 - -1 - -29.
47
What is the value of -41 - 24 - (-10 - 2 - -10) - -8?
-55
-59 - (-45 + (-25 - -34 - -25))
-48
Evaluate 6 + -12 + -16 - -4 - (-47 + 55).
-26
Calculate (-36 - (-25 - -73)) + 122.
38
What is (-15 - 44) + -11 - -58?
-12
4 - -8 - 20 - -17
9
Calculate 47 + -53 - (-24 + 0 + 6).
12
What is the value of (2804 - 2797) + (-2 - (-3 + 3)) + -65?
-60
Evaluate 23 + (-76 - (11 - 22)).
-42
Evaluate -136 + 130 + 9 + -57 + 9.
-45
What is -65 + -22 + (12 - 0 - (636 - 647))?
-64
4 + (-8 - (0 + -2) - (25 + -5 - 33))
11
Calculate -30 + 59 + -6 + -10.
13
Evaluate 67 + 12 + -66 - -12.
25
Calculate 10 + (4 - 5 - -9) + (0 - 7) + 81.
92
3 - ((-5 - -37) + -18) - (6 - 3)
-14
(100 - (-72 - -60)) + (-1 - 1) + -5 + -1
104
Evaluate 52 + -26 - 9 - 51.
-34
Calculate (-10 - (-9 + 14)) + (-36 - 0) + 1.
-50
-728 + 363 - -368 - ((2 - 3) + -65 + 3)
66
Calculate 94 - (-115 + (0 - -165)).
44
-49 + (32 + -2 - -41)
22
What is -22 + -1 + 56 + 229 + -212 + -18?
32
Evaluate -1 + 51 - (31 + -3 + -51 - -34).
39
What is -53 + 164 + -46 - 33?
32
What is the value of 8 - 7 - (38 + (-26 - 70))?
59
-7 - (-9 + (111 - (-11 + 13)))
-107
-11 - ((7 - (-7 - -17) - 3) + (1 - 60))
54
(6 - -115) + -53 - 116
-48
Evaluate 2897 + -2884 + -53 + 2 + (-2 - (-5 - -5)).
-40
What is the value of (4 - (-4 + 10)) + (6 - (-9 - -18))?
-5
Calculate 2 - 0 - (13 - (9 - 15) - -31).
-48
What is the value of -12 - (4 - 3) - ((-32 - -50) + -52 - -31)?
-10
1 - 2 - (-7 + (-10 + 79 - (24 - 11)))
-50
What is the value of 10 - (3 + -1 + -227 + 148 + 8 + 11)?
68
130 + -132 - (-6 - 1 - (37 - 3))
39
(-135 - -34 - -111) + -15
-5
What is the value of 41 - (52 - (34 + -29))?
-6
Evaluate -98 - (2 - 96) - (-25 + 2).
19
Calculate (115 - -10) + -142 - 53.
-70
Evaluate 66 + -52 + -20 - -34.
28
Calculate -46 + 2 + -319 + 330 + -4 + -1 + 0.
-38
(4 - -8) + (-14 - -4 - -5) - -9
16
Calculate (-45 - -33) + -21 - -31.
-2
What is the value of -37 + 44 + 11 + -2 - 14 - 33?
-31
Calculate -11 + (8 - (19 - 0)) - -38.
16
What is -32 + 36 + -28 + -7?
-31
(13 - -104) + -62 - 4
51
What is the value of -32 - (71 + -37 - 67) - 21?
-20
Evaluate 7 - (52 + (-92 - -27)).
20
Evaluate -48 - (31 - 33) - -112.
66
8 + 56 + -7 + -12
45
What is (-69 - (-161 - 4)) + -7?
89
Evaluate -67 + -2 + (-6 - -63).
-12
What is (0 - -114) + (8669 - 8662)?
121
What is the value of 16 - 6 - (7 - 54 - -32)?
25
What is the value of 11 - 50 - 30 - -27?
-42
Calculate (37 + -2 - 0) + (22 - (10 - -18)).
29
-12 + (-4 + 1 - -1) + (-113 - -140)
13
Calculate -164 - -62 - -102 - (-1 - -8 - 1).
-6
-39 + (96 - -15) + 32
104
What is (30 + 2 - 45 - (-20 - -11)) + -12?
-16
Calculate 89 + (-374 - -351 - (0 - 46)).
112
Evaluate -61 + (-58 - -57) + 38.
-24
2 + -2 + 18 - (-143 + 102 + 56)
3
Calculate 6 + 0 + 10 + -77.
-61
Calculate -24 - 10 - -21 - (-3 + 1 - 55).
44
What is the value of -30 - (-189 + 97) - ((7 - 1) + -1)?
57
Calculate (-301 - -289) + (21 - 2) - -21.
28
27 + (-27 - 7) - 7 - (0 - -85)
-99
6 + -7 + -62 + (14 + (6 - 16) - 2)
-61
What is the value of (44 - 42) + 47 + -45?
4
Calculate (-3 + 5 - 18) + (-31 - -37 - 0).
-10
What is -1 + 0 + 14 + 122 + (85 - 197)?
23
Calculate 141 + -87 + -96 + 138.
96
Calculate 17 + -18 + 11 + (-6 + -6 - -4) + 8.
10
-2 - (62 - 65 - 36)
37
Calculate 32 - (-17 + (23 - 11) + -3).
40
What is (-1 - -5) + 7 + 2 + -7 + -45 + 16?
-23
What is 783 - 746 - (4 - 6)?
39
What is the value of 15 + 8 + -37 + -9?
-23
Evaluate 11 + (138 - 36) + -147.
-34
(-18 - -5) + (1 - (-1 - 2)) + 2
-7
-103 + (-92 - (-112 - 69))
-14
What is 143 + -115 + (5 - 63)?
-30
10 - (-5 + 68 + 3 + -16) - (2 - 4)
-38
((-4 - 19) + -4 + 11 + -3 - 8) + 9
-18
Evaluate -5042 + 5054 - (-1 + 1 - 40).
52
What is (5 - (-6 - (0 + -16))) + 86 + (-23 - -26)?
84
What is 18 - ((15 - (5 - 14)) + -17)?
11
What is 52 + -54 - (1 - (4 + 0 - 0))?
1
Calculate 64 + -24 + (-46 - -50) + (9 - -1).
54
What is (38 - -43) + -7 + -53?
21
What is the value of (-5 - -8 - (15 - -20)) + 4?
-28
What is the value of 26 + (-29 - (-35 + 29))?
3
Calculate -138 + (102 - -81) + -120.
-75
Calculate 62 - ((26 - 16 - (-9 + 41 - 10)) + 20).
54
What is (-2 + -2 - -13 - -5) + -7 + (78 - -2)?
87
-26 + 66 + 1 - (-4 + 0 - 1)
46
-7 - ((-16 - (-24 - -9)) + -41)
35
Calculate (-12 - -8) + (11 - (-2 + -4)).
13
Evaluate (-29 - (-137 + 53)) + (8 - 0).
63
What is (13 + 10 - (1 + (10 - -5))) + 0 + 45?
52
-34 - -43 - (-3 + 7 - 0)
5
Evaluate (-70 - -2) + (26 + (-9 - 2) - 15 - -6).
-62
What is the value of -66 - ((-41 - -3) + 33)?
-61
Calculate (15 - (1 - 4)) + -9 + -14 + (5 - 0).
0
Calculate -7 - (68 + (-47 - -97) + -70).
-55
What is the value of -101 - (-18 + -71 - -24)?
-36
Calculate 110 - (68 + -86 + 99).
29
Evaluate -19 + (-2 - -4 - (-160 + 166)).
-23
Evaluate -103 + 70 + (-46 - -109).
30
What is -8 - (211 + -111 + 7)?
-115
What is the value of -386 + 385 - (29 + (0 - (6 + -1)))?
-25
Calculate -5 - (92 - (-58 - -104)).
-51
33 - (86 - (-174 - -105))
-122
Evaluate (1 - (-3 - -35)) + (10010 - 9989).
-10
What is 31 + -27 + -5 + -1 + -5 + -1 + 13?
5
Evaluate -24 + (33 + 2 - (232 - 213)).
-8
What is 11 - (26 - 2 - (-13 - -24)) - (33 - -2)?
-37
What is -18 + 25 + (25 - 72)?
-40
What is -12 - (-14 + (6 - 3) + -9 + 9) - -56?
55
(86 - (5 + -11 + 14)) + -2 + 14
90
What is the value of 118 - (149 - (163 - 109))?
23
Calculate -30 + -5 - (-767 - -801).
-69
(14 + -20 - 45) + 53
2
What is the value of 298 + -277 + (19 - 2) + -89?
-51
5 - 0 - 1 - (199 + -188 + 1 + -83)
75
What is 44 + (-5 - (-20 + 38 + -10))?
31
4 + (8 - 38) + 12
-14
(-1 - -3 - (-30 + 48 + -23 - -120)) + 0
-113
What is the value of 2 + -5 + (24 - 12) + -38?
-29
What is 241 + (83 - 157) - 139?
28
Evaluate -6 + (-16 - (-58 + 26)) - (1 + 20).
-11
What is (-74 - -74) + -58 + 0 + -3?
-61
What is 51 + -23 - (2 + -6 + 9) - -1?
24
Evaluate (209 - 179) + (-24 - 6).
0
Calculate (-160 - (-54 + -113)) + (73 - (2 + -3)).
81
Evaluate (13 - 0 - (14 + -2 + -4)) + -13 - -49.
41
Calculate (-5 - (-16 + 4)) + (49 + -14 + 7 - -5).
54
Evaluate -47 - -151 - (0 - -48).
56
0 - 56 - (5 + 11 - 16)
-56
What is the value of -2 - 2 - (9 + -2 + (-37 - -14) + 22)?
-10
What is (-232 - -227) + (1 - 5 - -33)?
24
-2 + 11 + (-37 - -25 - 17 - -21)
1
What is the value of (-13 - -7) + (-3 - 0 - ((-4 - 58) + 2))?
51
Evaluate (29 - 52 - -45 - (10 - -1)) + -5.
6
What is 29 + -14 - -4 - 58 - -21 - -109?
91
Evaluate 14 + (4 - (-11 - -5) - (9 - -6)).
9
Calculate 39 + -45 + 42 + -58.
-22
What is the value of 6 - (-5 - -5) - (10 + 43)?
-47
What is the value of -3 + 1 + 7 + (28 + -24 - 8)?
1
Calculate -52 + 40 + 36 - (-7 - -2).
29
(98 - 81 - (61 + -2)) + -11
-53
33 - (-4 + -4 + (7 - (10 + 7)) + 21)
30
-2 - ((-32 + 67 - 52) + (10 - -1))
4
What is the value of 45 + -1 + 7 - (10 - (-4 + 5))?
42
217 + -211 - (1 